{"id":2878,"date":"2015-04-15T17:27:41","date_gmt":"2015-04-15T17:27:41","guid":{"rendered":"https:\/\/hotel-facealamer.fr\/mentions-legales\/"},"modified":"2023-09-04T08:29:30","modified_gmt":"2023-09-04T08:29:30","slug":"mentions-legales","status":"publish","type":"page","link":"https:\/\/hotel-facealamer.fr\/en\/mentions-legales\/","title":{"rendered":"Legal Notice"},"content":{"rendered":"<p class=\"p1\"><span class=\"s1\"><b>MENTIONS L\u00c9GALES<\/b><\/span><\/p>\n<p class=\"p2\"><span class=\"s1\">Ce site est \u00e9dit\u00e9 par : <\/span><\/p>\n<p class=\"p2\"><span class=\"s1\">H\u00f4tel FACE A LA MER &#8211; SAS FACE A LA MER 42 Boulevard Wattier 14810 MERVILLE FRANCEVILLE Plage 850 543 240 RCS Caen<\/span><\/p>\n<p class=\"p2\"><span class=\"s1\">SAS au Capital de 50.000 \u20ac \/ TVA FR 15 850 543 240<\/span><\/p>\n<p class=\"p2\"><span class=\"s1\">T\u00e9l.: +33(0) 2 31 70 08 10 contact@hotel-facealamer.fr<\/span><\/p>\n","protected":false},"excerpt":{"rendered":"<p>MENTIONS L\u00c9GALES Ce site est \u00e9dit\u00e9 par : H\u00f4tel FACE A LA MER &#8211; SAS FACE A LA MER 42 Boulevard Wattier 14810 MERVILLE FRANCEVILLE Plage 850 543 240 RCS Caen SAS au Capital de 50.000 \u20ac \/ TVA FR 15 850 543 240 T\u00e9l.: +33(0) 2 31 70 08 10 contact@hotel-facealamer.fr<\/p>\n","protected":false},"author":1,"featured_media":0,"parent":0,"menu_order":0,"comment_status":"open","ping_status":"open","template":"page-templates\/tpl-page.php","meta":[],"acf":[],"yoast_head":"<!-- This site is optimized with the Yoast SEO plugin v21.1 - https:\/\/yoast.com\/wordpress\/plugins\/seo\/ -->\n<title>Legal Notice - H\u00f4tel Face \u00e0 la mer \u00e0 Merville-Franceville-Plage<\/title>\n<meta name=\"robots\" content=\"index, follow, max-snippet:-1, max-image-preview:large, max-video-preview:-1\" \/>\n<link rel=\"canonical\" href=\"https:\/\/hotel-facealamer.fr\/mentions-legales\/\" \/>\n<meta property=\"og:locale\" content=\"fr_FR\" \/>\n<meta property=\"og:type\" content=\"article\" \/>\n<meta property=\"og:title\" content=\"Legal Notice - H\u00f4tel Face \u00e0 la mer \u00e0 Merville-Franceville-Plage\" \/>\n<meta property=\"og:description\" content=\"MENTIONS L\u00c9GALES Ce site est \u00e9dit\u00e9 par : H\u00f4tel FACE A LA MER &#8211; SAS FACE A LA MER 42 Boulevard Wattier 14810 MERVILLE FRANCEVILLE Plage 850 543 240 RCS Caen SAS au Capital de 50.000 \u20ac \/ TVA FR 15 850 543 240 T\u00e9l.: +33(0) 2 31 70 08 10 contact@hotel-facealamer.fr\" \/>\n<meta property=\"og:url\" content=\"https:\/\/hotel-facealamer.fr\/en\/mentions-legales\/\" \/>\n<meta property=\"og:site_name\" content=\"H\u00f4tel Face \u00e0 la mer \u00e0 Merville-Franceville-Plage\" \/>\n<meta property=\"article:modified_time\" content=\"2023-09-04T08:29:30+00:00\" \/>\n<meta name=\"twitter:card\" content=\"summary_large_image\" \/>\n<meta name=\"twitter:label1\" content=\"Dur\u00e9e de lecture estim\u00e9e\" \/>\n\t<meta name=\"twitter:data1\" content=\"1 minute\" \/>\n<script type=\"application\/ld+json\" class=\"yoast-schema-graph\">{\"@context\":\"https:\/\/schema.org\",\"@graph\":[{\"@type\":\"WebPage\",\"@id\":\"https:\/\/hotel-facealamer.fr\/en\/mentions-legales\/\",\"url\":\"https:\/\/hotel-facealamer.fr\/en\/mentions-legales\/\",\"name\":\"Legal Notice - H\u00f4tel Face \u00e0 la mer \u00e0 Merville-Franceville-Plage\",\"isPartOf\":{\"@id\":\"https:\/\/hotel-facealamer.fr\/#website\"},\"datePublished\":\"2015-04-15T17:27:41+00:00\",\"dateModified\":\"2023-09-04T08:29:30+00:00\",\"breadcrumb\":{\"@id\":\"https:\/\/hotel-facealamer.fr\/en\/mentions-legales\/#breadcrumb\"},\"inLanguage\":\"fr-FR\",\"potentialAction\":[{\"@type\":\"ReadAction\",\"target\":[\"https:\/\/hotel-facealamer.fr\/en\/mentions-legales\/\"]}]},{\"@type\":\"BreadcrumbList\",\"@id\":\"https:\/\/hotel-facealamer.fr\/en\/mentions-legales\/#breadcrumb\",\"itemListElement\":[{\"@type\":\"ListItem\",\"position\":1,\"name\":\"Accueil\",\"item\":\"https:\/\/hotel-facealamer.fr\/\"},{\"@type\":\"ListItem\",\"position\":2,\"name\":\"Legal Notice\"}]},{\"@type\":\"WebSite\",\"@id\":\"https:\/\/hotel-facealamer.fr\/#website\",\"url\":\"https:\/\/hotel-facealamer.fr\/\",\"name\":\"H\u00f4tel Face \u00e0 la mer \u00e0 Merville-Franceville-Plage\",\"description\":\"H\u00f4tel \u00e0 Merville-Franceville-Plage\",\"potentialAction\":[{\"@type\":\"SearchAction\",\"target\":{\"@type\":\"EntryPoint\",\"urlTemplate\":\"https:\/\/hotel-facealamer.fr\/?s={search_term_string}\"},\"query-input\":\"required name=search_term_string\"}],\"inLanguage\":\"fr-FR\"}]}<\/script>\n<!-- \/ Yoast SEO plugin. -->","yoast_head_json":{"title":"Legal Notice - H\u00f4tel Face \u00e0 la mer \u00e0 Merville-Franceville-Plage","robots":{"index":"index","follow":"follow","max-snippet":"max-snippet:-1","max-image-preview":"max-image-preview:large","max-video-preview":"max-video-preview:-1"},"canonical":"https:\/\/hotel-facealamer.fr\/mentions-legales\/","og_locale":"fr_FR","og_type":"article","og_title":"Legal Notice - H\u00f4tel Face \u00e0 la mer \u00e0 Merville-Franceville-Plage","og_description":"MENTIONS L\u00c9GALES Ce site est \u00e9dit\u00e9 par : H\u00f4tel FACE A LA MER &#8211; SAS FACE A LA MER 42 Boulevard Wattier 14810 MERVILLE FRANCEVILLE Plage 850 543 240 RCS Caen SAS au Capital de 50.000 \u20ac \/ TVA FR 15 850 543 240 T\u00e9l.: +33(0) 2 31 70 08 10 contact@hotel-facealamer.fr","og_url":"https:\/\/hotel-facealamer.fr\/en\/mentions-legales\/","og_site_name":"H\u00f4tel Face \u00e0 la mer \u00e0 Merville-Franceville-Plage","article_modified_time":"2023-09-04T08:29:30+00:00","twitter_card":"summary_large_image","twitter_misc":{"Dur\u00e9e de lecture estim\u00e9e":"1 minute"},"schema":{"@context":"https:\/\/schema.org","@graph":[{"@type":"WebPage","@id":"https:\/\/hotel-facealamer.fr\/en\/mentions-legales\/","url":"https:\/\/hotel-facealamer.fr\/en\/mentions-legales\/","name":"Legal Notice - H\u00f4tel Face \u00e0 la mer \u00e0 Merville-Franceville-Plage","isPartOf":{"@id":"https:\/\/hotel-facealamer.fr\/#website"},"datePublished":"2015-04-15T17:27:41+00:00","dateModified":"2023-09-04T08:29:30+00:00","breadcrumb":{"@id":"https:\/\/hotel-facealamer.fr\/en\/mentions-legales\/#breadcrumb"},"inLanguage":"fr-FR","potentialAction":[{"@type":"ReadAction","target":["https:\/\/hotel-facealamer.fr\/en\/mentions-legales\/"]}]},{"@type":"BreadcrumbList","@id":"https:\/\/hotel-facealamer.fr\/en\/mentions-legales\/#breadcrumb","itemListElement":[{"@type":"ListItem","position":1,"name":"Accueil","item":"https:\/\/hotel-facealamer.fr\/"},{"@type":"ListItem","position":2,"name":"Legal Notice"}]},{"@type":"WebSite","@id":"https:\/\/hotel-facealamer.fr\/#website","url":"https:\/\/hotel-facealamer.fr\/","name":"H\u00f4tel Face \u00e0 la mer \u00e0 Merville-Franceville-Plage","description":"H\u00f4tel \u00e0 Merville-Franceville-Plage","potentialAction":[{"@type":"SearchAction","target":{"@type":"EntryPoint","urlTemplate":"https:\/\/hotel-facealamer.fr\/?s={search_term_string}"},"query-input":"required name=search_term_string"}],"inLanguage":"fr-FR"}]}},"_links":{"self":[{"href":"https:\/\/hotel-facealamer.fr\/en\/wp-json\/wp\/v2\/pages\/2878\/"}],"collection":[{"href":"https:\/\/hotel-facealamer.fr\/en\/wp-json\/wp\/v2\/pages\/"}],"about":[{"href":"https:\/\/hotel-facealamer.fr\/en\/wp-json\/wp\/v2\/types\/page\/"}],"author":[{"embeddable":true,"href":"https:\/\/hotel-facealamer.fr\/en\/wp-json\/wp\/v2\/users\/1\/"}],"replies":[{"embeddable":true,"href":"https:\/\/hotel-facealamer.fr\/en\/wp-json\/wp\/v2\/comments\/?post=2878"}],"version-history":[{"count":1,"href":"https:\/\/hotel-facealamer.fr\/en\/wp-json\/wp\/v2\/pages\/2878\/revisions\/"}],"predecessor-version":[{"id":2879,"href":"https:\/\/hotel-facealamer.fr\/en\/wp-json\/wp\/v2\/pages\/2878\/revisions\/2879\/"}],"wp:attachment":[{"href":"https:\/\/hotel-facealamer.fr\/en\/wp-json\/wp\/v2\/media\/?parent=2878"}],"curies":[{"name":"wp","href":"https:\/\/api.w.org\/{rel}","templated":true}]}}

<p class="p1"><span class="s1"><b>MENTIONS LÉGALES</b></span></p>
<p class="p2"><span class="s1">Ce site est édité par : </span></p>
<p class="p2"><span class="s1">Hôtel FACE A LA MER &#8211; SAS FACE A LA MER 42 Boulevard Wattier 14810 MERVILLE FRANCEVILLE Plage 850 543 240 RCS Caen</span></p>
<p class="p2"><span class="s1">SAS au Capital de 50.000 € / TVA FR 15 850 543 240</span></p>
<p class="p2"><span class="s1">Tél.: +33(0) 2 31 70 08 10 contact@hotel-facealamer.fr</span></p>

<p>MENTIONS LÉGALES Ce site est édité par : Hôtel FACE A LA MER &#8211; SAS FACE A LA MER 42 Boulevard Wattier 14810 MERVILLE FRANCEVILLE Plage 850 543 240 RCS Caen SAS au Capital de 50.000 € / TVA FR 15 850 543 240 Tél.: +33(0) 2 31 70 08 10 contact@hotel-facealamer.fr</p>

<!-- This site is optimized with the Yoast SEO plugin v21.1 - https://yoast.com/wordpress/plugins/seo/ -->
<title>Legal Notice - Hôtel Face à la mer à Merville-Franceville-Plage</title>
<meta name="robots" content="index, follow, max-snippet:-1, max-image-preview:large, max-video-preview:-1" />
<link rel="canonical" href="https://hotel-facealamer.fr/mentions-legales/" />
<meta property="og:locale" content="fr_FR" />
<meta property="og:type" content="article" />
<meta property="og:title" content="Legal Notice - Hôtel Face à la mer à Merville-Franceville-Plage" />
<meta property="og:description" content="MENTIONS LÉGALES Ce site est édité par : Hôtel FACE A LA MER &#8211; SAS FACE A LA MER 42 Boulevard Wattier 14810 MERVILLE FRANCEVILLE Plage 850 543 240 RCS Caen SAS au Capital de 50.000 € / TVA FR 15 850 543 240 Tél.: +33(0) 2 31 70 08 10 contact@hotel-facealamer.fr" />
<meta property="og:url" content="https://hotel-facealamer.fr/en/mentions-legales/" />
<meta property="og:site_name" content="Hôtel Face à la mer à Merville-Franceville-Plage" />
<meta property="article:modified_time" content="2023-09-04T08:29:30+00:00" />
<meta name="twitter:card" content="summary_large_image" />
<meta name="twitter:label1" content="Durée de lecture estimée" />
	<meta name="twitter:data1" content="1 minute" />
<script type="application/ld+json" class="yoast-schema-graph">{"@context":"https://schema.org","@graph":[{"@type":"WebPage","@id":"https://hotel-facealamer.fr/en/mentions-legales/","url":"https://hotel-facealamer.fr/en/mentions-legales/","name":"Legal Notice - Hôtel Face à la mer à Merville-Franceville-Plage","isPartOf":{"@id":"https://hotel-facealamer.fr/#website"},"datePublished":"2015-04-15T17:27:41+00:00","dateModified":"2023-09-04T08:29:30+00:00","breadcrumb":{"@id":"https://hotel-facealamer.fr/en/mentions-legales/#breadcrumb"},"inLanguage":"fr-FR","potentialAction":[{"@type":"ReadAction","target":["https://hotel-facealamer.fr/en/mentions-legales/"]}]},{"@type":"BreadcrumbList","@id":"https://hotel-facealamer.fr/en/mentions-legales/#breadcrumb","itemListElement":[{"@type":"ListItem","position":1,"name":"Accueil","item":"https://hotel-facealamer.fr/"},{"@type":"ListItem","position":2,"name":"Legal Notice"}]},{"@type":"WebSite","@id":"https://hotel-facealamer.fr/#website","url":"https://hotel-facealamer.fr/","name":"Hôtel Face à la mer à Merville-Franceville-Plage","description":"Hôtel à Merville-Franceville-Plage","potentialAction":[{"@type":"SearchAction","target":{"@type":"EntryPoint","urlTemplate":"https://hotel-facealamer.fr/?s={search_term_string}"},"query-input":"required name=search_term_string"}],"inLanguage":"fr-FR"}]}</script>
<!-- / Yoast SEO plugin. -->

Legal Notice - Hôtel Face à la mer à Merville-Franceville-Plage

MENTIONS LÉGALES Ce site est édité par : Hôtel FACE A LA MER &#8211; SAS FACE A LA MER 42 Boulevard Wattier 14810 MERVILLE FRANCEVILLE Plage 850 543 240 RCS Caen SAS au Capital de 50.000 € / TVA FR 15 850 543 240 Tél.: +33(0) 2 31 70 08 10 contact@hotel-facealamer.fr

Hôtel Face à la mer à Merville-Franceville-Plage

Hôtel à Merville-Franceville-Plage
